{"id":487,"date":"2013-10-23T20:25:55","date_gmt":"2013-10-23T18:25:55","guid":{"rendered":"http:\/\/cursoswp.educacion.navarra.es\/revista\/?page_id=487"},"modified":"2016-05-22T16:50:31","modified_gmt":"2016-05-22T14:50:31","slug":"indice-por-autores","status":"publish","type":"page","link":"https:\/\/cursoswp.educacion.navarra.es\/revista\/indice-por-autores\/","title":{"rendered":"\u00cdndice por autores"},"content":{"rendered":"<p>A continuaci\u00f3n figura el \u00edndice de todos los autores de los art\u00edculos de la revista, junto con sus correspondientes art\u00edculos. Los art\u00edculos est\u00e1n dispuestos por orden cronol\u00f3gico de publicaci\u00f3n. El \u00edndice ha sido elaborado con el plugin <a title=\"WordPress Plugins - Display Posts Shortcode\" href=\"http:\/\/wordpress.org\/plugins\/display-posts-shortcode\/\" target=\"_blank\">Display Posts Shortcode<\/a>.<\/p>\n<h2>Art\u00edculos de Eduardo Larequi Garc\u00eda<\/h2>\n<ul class=\"display-posts-listing\"><li class=\"listing-item\"><a class=\"title\" href=\"https:\/\/cursoswp.educacion.navarra.es\/revista\/articulo\/el-nacimiento-de-una-revista-online\/\">El nacimiento de una revista online<\/a> <span class=\"date\">- 12 de abril de 2013<\/span><\/li><\/ul>\n<h2>Art\u00edculos de Marta C\u00e1ceres Sagard\u00eda<\/h2>\n<ul class=\"display-posts-listing\"><li class=\"listing-item\"><a class=\"title\" href=\"https:\/\/cursoswp.educacion.navarra.es\/revista\/articulo\/un-poco-de-investigacion\/\">Un poco de investigaci\u00f3n<\/a> <span class=\"date\">- 18 de octubre de 2013<\/span><\/li><li class=\"listing-item\"><a class=\"title\" href=\"https:\/\/cursoswp.educacion.navarra.es\/revista\/articulo\/la-colaboracion-factor-esencial-para-la-calidad-educativa\/\">La colaboraci\u00f3n, factor esencial para la calidad educativa<\/a> <span class=\"date\">- 18 de octubre de 2013<\/span><\/li><li class=\"listing-item\"><a class=\"title\" href=\"https:\/\/cursoswp.educacion.navarra.es\/revista\/articulo\/la-experiencia-de-5o-de-eso-con-moodle\/\">La experiencia de 5\u00ba de ESO con Moodle<\/a> <span class=\"date\">- 2 de septiembre de 2013<\/span><\/li><li class=\"listing-item\"><a class=\"title\" href=\"https:\/\/cursoswp.educacion.navarra.es\/revista\/articulo\/adios-a-la-presidenta-de-la-apyma\/\">Adi\u00f3s a la Presidenta de la APYMA<\/a> <span class=\"date\">- 2 de septiembre de 2013<\/span><\/li><li class=\"listing-item\"><a class=\"title\" href=\"https:\/\/cursoswp.educacion.navarra.es\/revista\/articulo\/premio-a-la-calidad-educativa\/\">Premio a la Calidad Educativa<\/a> <span class=\"date\">- 12 de abril de 2013<\/span><\/li><\/ul>\n<h2>Art\u00edculos de Javier Sagardoy Altuna<\/h2>\n<ul class=\"display-posts-listing\"><li class=\"listing-item\"><a class=\"title\" href=\"https:\/\/cursoswp.educacion.navarra.es\/revista\/articulo\/concurso-de-flores-cultivadas\/\">Concurso de flores cultivadas<\/a> <span class=\"date\">- 18 de octubre de 2013<\/span><\/li><li class=\"listing-item\"><a class=\"title\" href=\"https:\/\/cursoswp.educacion.navarra.es\/revista\/articulo\/ganador-del-concurso-de-tarjetas\/\">Ganador del concurso de tarjetas<\/a> <span class=\"date\">- 2 de septiembre de 2013<\/span><\/li><li class=\"listing-item\"><a class=\"title\" href=\"https:\/\/cursoswp.educacion.navarra.es\/revista\/articulo\/intercambio-con-madeira\/\">Intercambio con Madeira<\/a> <span class=\"date\">- 12 de abril de 2013<\/span><\/li><li class=\"listing-item\"><a class=\"title\" href=\"https:\/\/cursoswp.educacion.navarra.es\/revista\/articulo\/sudokus-divertidos\/\">Sudokus divertidos<\/a> <span class=\"date\">- 12 de abril de 2013<\/span><\/li><\/ul>\n<h2>Art\u00edculos de Maider S\u00e1nchez Carrica<\/h2>\n<ul class=\"display-posts-listing\"><li class=\"listing-item\"><a class=\"title\" href=\"https:\/\/cursoswp.educacion.navarra.es\/revista\/articulo\/entrevista-con-el-geologo-aitor-calvo\/\">Entrevista con el ge\u00f3logo Aitor Calvo<\/a> <span class=\"date\">- 18 de octubre de 2013<\/span><\/li><li class=\"listing-item\"><a class=\"title\" href=\"https:\/\/cursoswp.educacion.navarra.es\/revista\/articulo\/exhibicion-de-coches-antiguos\/\">Exhibici\u00f3n de coches antiguos<\/a> <span class=\"date\">- 2 de septiembre de 2013<\/span><\/li><li class=\"listing-item\"><a class=\"title\" href=\"https:\/\/cursoswp.educacion.navarra.es\/revista\/articulo\/la-revista-online-se-consolida\/\">La revista online se consolida<\/a> <span class=\"date\">- 2 de septiembre de 2013<\/span><\/li><li class=\"listing-item\"><a class=\"title\" href=\"https:\/\/cursoswp.educacion.navarra.es\/revista\/articulo\/nuevos-profesores\/\">Nuevos profesores<\/a> <span class=\"date\">- 12 de abril de 2013<\/span><\/li><\/ul>\n<h2>Art\u00edculos de Leyre Lezaun Barricarte<\/h2>\n<ul class=\"display-posts-listing\"><li class=\"listing-item\"><a class=\"title\" href=\"https:\/\/cursoswp.educacion.navarra.es\/revista\/articulo\/rosa-blanca-cuarteada\/\">Rosa blanca cuarteada<\/a> <span class=\"date\">- 18 de octubre de 2013<\/span><\/li><li class=\"listing-item\"><a class=\"title\" href=\"https:\/\/cursoswp.educacion.navarra.es\/revista\/articulo\/las-tic-en-el-colegio\/\">Las TIC en el colegio<\/a> <span class=\"date\">- 2 de septiembre de 2013<\/span><\/li><li class=\"listing-item\"><a class=\"title\" href=\"https:\/\/cursoswp.educacion.navarra.es\/revista\/articulo\/funchal-la-nuit\/\">Funchal la nuit<\/a> <span class=\"date\">- 12 de abril de 2013<\/span><\/li><li class=\"listing-item\"><a class=\"title\" href=\"https:\/\/cursoswp.educacion.navarra.es\/revista\/articulo\/la-ampliacion-del-colegio\/\">La ampliaci\u00f3n del colegio<\/a> <span class=\"date\">- 12 de abril de 2013<\/span><\/li><li class=\"listing-item\"><a class=\"title\" href=\"https:\/\/cursoswp.educacion.navarra.es\/revista\/articulo\/cuento-ganador-del-concurso-de-redaccion\/\">Cuento ganador del concurso de redacci\u00f3n<\/a> <span class=\"date\">- 12 de abril de 2013<\/span><\/li><\/ul>\n<h2>Art\u00edculos de Felipe Alonso Moro<\/h2>\n<ul class=\"display-posts-listing\"><li class=\"listing-item\"><a class=\"title\" href=\"https:\/\/cursoswp.educacion.navarra.es\/revista\/articulo\/curso-sobre-publicidad\/\">Curso sobre publicidad<\/a> <span class=\"date\">- 18 de octubre de 2013<\/span><\/li><li class=\"listing-item\"><a class=\"title\" href=\"https:\/\/cursoswp.educacion.navarra.es\/revista\/articulo\/vida-de-marino\/\">Vida de marino<\/a> <span class=\"date\">- 18 de octubre de 2013<\/span><\/li><li class=\"listing-item\"><a class=\"title\" href=\"https:\/\/cursoswp.educacion.navarra.es\/revista\/articulo\/levadas-en-madeira\/\">Levadas en Madeira<\/a> <span class=\"date\">- 18 de octubre de 2013<\/span><\/li><li class=\"listing-item\"><a class=\"title\" href=\"https:\/\/cursoswp.educacion.navarra.es\/revista\/articulo\/la-capitana-del-equipo-de-futbol-se-desmelena\/\">La capitana del equipo de f\u00fatbol se desmelena<\/a> <span class=\"date\">- 12 de abril de 2013<\/span><\/li><li class=\"listing-item\"><a class=\"title\" href=\"https:\/\/cursoswp.educacion.navarra.es\/revista\/articulo\/entrevista-a-luis-reparaz\/\">Entrevista a Luis Rep\u00e1raz<\/a> <span class=\"date\">- 12 de abril de 2013<\/span><\/li><\/ul>\n","protected":false},"excerpt":{"rendered":"<p>A continuaci\u00f3n figura el \u00edndice de todos los autores de los art\u00edculos de la revista, junto con sus correspondientes art\u00edculos. Los art\u00edculos est\u00e1n dispuestos por orden cronol\u00f3gico de publicaci\u00f3n. El \u00edndice ha sido elaborado con el plugin Display Posts Shortcode. Art\u00edculos de Eduardo Larequi Garc\u00eda Art\u00edculos de Marta C\u00e1ceres Sagard\u00eda Art\u00edculos de Javier Sagardoy Altuna &hellip; <\/p>\n<p><a class=\"more-link btn\" href=\"https:\/\/cursoswp.educacion.navarra.es\/revista\/articulo\/entrevista-a-luis-reparaz\/\">Continue reading<\/a><\/p>\n","protected":false},"author":1,"featured_media":0,"parent":0,"menu_order":3,"comment_status":"closed","ping_status":"closed","template":"","meta":{"footnotes":""},"_links":{"self":[{"href":"https:\/\/cursoswp.educacion.navarra.es\/revista\/wp-json\/wp\/v2\/pages\/487"}],"collection":[{"href":"https:\/\/cursoswp.educacion.navarra.es\/revista\/wp-json\/wp\/v2\/pages"}],"about":[{"href":"https:\/\/cursoswp.educacion.navarra.es\/revista\/wp-json\/wp\/v2\/types\/page"}],"author":[{"embeddable":true,"href":"https:\/\/cursoswp.educacion.navarra.es\/revista\/wp-json\/wp\/v2\/users\/1"}],"replies":[{"embeddable":true,"href":"https:\/\/cursoswp.educacion.navarra.es\/revista\/wp-json\/wp\/v2\/comments?post=487"}],"version-history":[{"count":0,"href":"https:\/\/cursoswp.educacion.navarra.es\/revista\/wp-json\/wp\/v2\/pages\/487\/revisions"}],"wp:attachment":[{"href":"https:\/\/cursoswp.educacion.navarra.es\/revista\/wp-json\/wp\/v2\/media?parent=487"}],"curies":[{"name":"wp","href":"https:\/\/api.w.org\/{rel}","templated":true}]}}