{"id":2,"date":"2019-02-15T11:02:27","date_gmt":"2019-02-15T10:02:27","guid":{"rendered":"https:\/\/cursoswp.educacion.navarra.es\/cursowp2019\/?page_id=2"},"modified":"2019-08-22T08:54:15","modified_gmt":"2019-08-22T06:54:15","slug":"contacto","status":"publish","type":"page","link":"https:\/\/cursoswp.educacion.navarra.es\/cursowp2019\/contacto\/","title":{"rendered":"Contacto"},"content":{"rendered":"\n<p class=\"has-drop-cap\">Con este formulario de contacto pretendemos lograr dos prop\u00f3sitos diferentes y complementarios. En primer lugar, ha sido dise\u00f1ado para que los alumnos y alumnas del curso puedan enviar al profesor la respuesta a las actividades propuestas tras cada una de sus sesiones. En segundo lugar, el formulario se puede utilizar para ponerse en contacto con el autor del sitio web y plantear problemas, dudas, sugerencias, etc.<\/p>\n\n\n\n<p>Antes de enviar el formulario, hay que cerciorarse de que todos los campos han sido cumplimentados correctamente.<\/p>\n\n\n<div role=\"form\" class=\"wpcf7\" id=\"wpcf7-f37-o1\" lang=\"es-ES\" dir=\"ltr\">\n<div class=\"screen-reader-response\"><p role=\"status\" aria-live=\"polite\" aria-atomic=\"true\"><\/p> <ul><\/ul><\/div>\n<form action=\"\/cursowp2019\/wp-json\/wp\/v2\/pages\/2#wpcf7-f37-o1\" method=\"post\" class=\"wpcf7-form init\" novalidate=\"novalidate\" data-status=\"init\">\n<div style=\"display: none;\">\n<input type=\"hidden\" name=\"_wpcf7\" value=\"37\" \/>\n<input type=\"hidden\" name=\"_wpcf7_version\" value=\"5.6.4\" \/>\n<input type=\"hidden\" name=\"_wpcf7_locale\" value=\"es_ES\" \/>\n<input type=\"hidden\" name=\"_wpcf7_unit_tag\" value=\"wpcf7-f37-o1\" \/>\n<input type=\"hidden\" name=\"_wpcf7_container_post\" value=\"0\" \/>\n<input type=\"hidden\" name=\"_wpcf7_posted_data_hash\" value=\"\" \/>\n<\/div>\n<p><label> Nombre y apellidos<br \/>\n    <span class=\"wpcf7-form-control-wrap\" data-name=\"your-name\"><input type=\"text\" name=\"your-name\" value=\"\" size=\"40\" class=\"wpcf7-form-control wpcf7-text wpcf7-validates-as-required\" aria-required=\"true\" aria-invalid=\"false\" \/><\/span> <\/label><\/p>\n<p><label> Email<br \/>\n    <span class=\"wpcf7-form-control-wrap\" data-name=\"your-email\"><input type=\"email\" name=\"your-email\" value=\"\" size=\"40\" class=\"wpcf7-form-control wpcf7-text wpcf7-email wpcf7-validates-as-required wpcf7-validates-as-email\" aria-required=\"true\" aria-invalid=\"false\" \/><\/span> <\/label><\/p>\n<p><label> Asunto<br \/>\n    <span class=\"wpcf7-form-control-wrap\" data-name=\"your-subject\"><input type=\"text\" name=\"your-subject\" value=\"\" size=\"40\" class=\"wpcf7-form-control wpcf7-text wpcf7-validates-as-required\" aria-required=\"true\" aria-invalid=\"false\" \/><\/span> <\/label><\/p>\n<p><label> Mensaje<br \/>\n    <span class=\"wpcf7-form-control-wrap\" data-name=\"your-message\"><textarea name=\"your-message\" cols=\"40\" rows=\"10\" class=\"wpcf7-form-control wpcf7-textarea wpcf7-validates-as-required\" aria-required=\"true\" aria-invalid=\"false\"><\/textarea><\/span> <\/label><\/p>\n<p><label> Mensaje<br \/>\n    <span class=\"wpcf7-form-control-wrap\" data-name=\"quiz-849\"><label><span class=\"wpcf7-quiz-label\">\u00bfCu\u00e1nto suman 46+14?<\/span> <input type=\"text\" name=\"quiz-849\" size=\"40\" class=\"wpcf7-form-control wpcf7-quiz\" autocomplete=\"off\" aria-required=\"true\" aria-invalid=\"false\" \/><\/label><input type=\"hidden\" name=\"_wpcf7_quiz_answer_quiz-849\" value=\"a98074b1f8254807ff3bb20e3ce18717\" \/><\/span> <\/label><\/p>\n<p><input type=\"submit\" value=\"Enviar\" class=\"wpcf7-form-control has-spinner wpcf7-submit\" \/><\/p>\n<p style=\"display: none !important;\" class=\"akismet-fields-container\" data-prefix=\"_wpcf7_ak_\"><label>&#916;<textarea name=\"_wpcf7_ak_hp_textarea\" cols=\"45\" rows=\"8\" maxlength=\"100\"><\/textarea><\/label><input type=\"hidden\" id=\"ak_js_1\" name=\"_wpcf7_ak_js\" value=\"249\"\/><script>document.getElementById( \"ak_js_1\" ).setAttribute( \"value\", ( new Date() ).getTime() );<\/script><\/p><div class=\"wpcf7-response-output\" aria-hidden=\"true\"><\/div><\/form><\/div>\n\n\n\n<p style=\"text-align:center\">**********************<\/p>\n\n\n\n<p>Los interesados en contactar con la sede de esta actividad formativa pueden dirigirse a la direcci\u00f3n, tel\u00e9fono y mapa de ubicaci\u00f3n que figuran a continuaci\u00f3n:<\/p>\n\n\n\n<p>Calle Tajonar, 14, 31006 Pamplona, Navarra, tel\u00e9fono: 848-430390.<\/p>\n\n\n\n<iframe loading=\"lazy\" style=\"border: 0;\" src=\"https:\/\/www.google.com\/maps\/embed?pb=!1m18!1m12!1m3!1d2385.7905247016415!2d-1.636709071251742!3d42.805159050634956!2m3!1f0!2f0!3f0!3m2!1i1024!2i768!4f13.1!3m3!1m2!1s0x0%3A0x400a5c7f4640417a!2sCAP+de+Pamplona!5e1!3m2!1ses!2ses!4v1518182232656\" width=\"640\" height=\"450\" frameborder=\"0\" allowfullscreen=\"allowfullscreen\"><\/iframe>\n\n\n\n<p>Por su parte, quienes tengan inter\u00e9s en ponerse en contacto con el ponente del curso y autor de este sitio web, Eduardo Larequi Garc\u00eda, pueden hacerlo en la sede del Departamento de Educaci\u00f3n del Gobierno de Navarra, calle Santo Domingo, s\/n, 31001 Pamplona, Navarra, tel\u00e9fono&nbsp;848-423255. <\/p>\n\n\n\n<iframe loading=\"lazy\" style=\"border: 0;\" src=\"https:\/\/www.google.com\/maps\/embed?pb=!1m18!1m12!1m3!1d996.5349635757694!2d-1.6459649272941468!3d42.8191155001329!2m3!1f0!2f0!3f0!3m2!1i1024!2i768!4f13.1!3m3!1m2!1s0xd5092fa38cd3203%3A0xd643432c399eb695!2sDepartamento+De+Educaci%C3%B3n+Del+Gobierno+De+Navarra!5e1!3m2!1ses!2ses!4v1518182712438\" width=\"640\" height=\"450\" frameborder=\"0\" allowfullscreen=\"allowfullscreen\"><\/iframe>\n","protected":false},"excerpt":{"rendered":"<p>Con este formulario de contacto pretendemos lograr dos prop\u00f3sitos diferentes y complementarios. En primer lugar, ha sido dise\u00f1ado para que los alumnos y alumnas del curso puedan enviar al profesor la respuesta a las actividades propuestas tras cada una de sus sesiones. En segundo lugar, el formulario se puede utilizar para ponerse en contacto con [&hellip;]<\/p>\n","protected":false},"author":1,"featured_media":30,"parent":0,"menu_order":0,"comment_status":"closed","ping_status":"closed","template":"","meta":{"_genesis_hide_title":false,"_genesis_hide_breadcrumbs":false,"_genesis_hide_singular_image":false,"_genesis_hide_footer_widgets":false,"_genesis_custom_body_class":"","_genesis_custom_post_class":"","_genesis_layout":""},"featured_image_urls":{"full":["https:\/\/cursoswp.educacion.navarra.es\/cursowp2019\/wp-content\/uploads\/2019\/02\/contacto.jpg",1600,998,false],"thumbnail":["https:\/\/cursoswp.educacion.navarra.es\/cursowp2019\/wp-content\/uploads\/2019\/02\/contacto-150x150.jpg",150,150,true],"medium":["https:\/\/cursoswp.educacion.navarra.es\/cursowp2019\/wp-content\/uploads\/2019\/02\/contacto-300x187.jpg",300,187,true],"medium_large":["https:\/\/cursoswp.educacion.navarra.es\/cursowp2019\/wp-content\/uploads\/2019\/02\/contacto-768x479.jpg",768,479,true],"large":["https:\/\/cursoswp.educacion.navarra.es\/cursowp2019\/wp-content\/uploads\/2019\/02\/contacto-1024x639.jpg",1024,639,true],"1536x1536":["https:\/\/cursoswp.educacion.navarra.es\/cursowp2019\/wp-content\/uploads\/2019\/02\/contacto.jpg",1536,958,false],"2048x2048":["https:\/\/cursoswp.educacion.navarra.es\/cursowp2019\/wp-content\/uploads\/2019\/02\/contacto.jpg",1600,998,false],"sidebar-featured-thumb":["https:\/\/cursoswp.educacion.navarra.es\/cursowp2019\/wp-content\/uploads\/2019\/02\/contacto-70x60.jpg",70,60,true],"featured-image":["https:\/\/cursoswp.educacion.navarra.es\/cursowp2019\/wp-content\/uploads\/2019\/02\/contacto-800x400.jpg",800,400,true],"header-hero":["https:\/\/cursoswp.educacion.navarra.es\/cursowp2019\/wp-content\/uploads\/2019\/02\/contacto-1600x800.jpg",1600,800,true],"gb-block-post-grid-landscape":["https:\/\/cursoswp.educacion.navarra.es\/cursowp2019\/wp-content\/uploads\/2019\/02\/contacto.jpg",600,374,false],"gb-block-post-grid-square":["https:\/\/cursoswp.educacion.navarra.es\/cursowp2019\/wp-content\/uploads\/2019\/02\/contacto.jpg",600,374,false],"guten_post_layout_landscape_large":["https:\/\/cursoswp.educacion.navarra.es\/cursowp2019\/wp-content\/uploads\/2019\/02\/contacto.jpg",1200,749,false],"guten_post_layout_portrait_large":["https:\/\/cursoswp.educacion.navarra.es\/cursowp2019\/wp-content\/uploads\/2019\/02\/contacto.jpg",1200,749,false],"guten_post_layout_square_large":["https:\/\/cursoswp.educacion.navarra.es\/cursowp2019\/wp-content\/uploads\/2019\/02\/contacto.jpg",1200,749,false],"guten_post_layout_landscape":["https:\/\/cursoswp.educacion.navarra.es\/cursowp2019\/wp-content\/uploads\/2019\/02\/contacto.jpg",600,374,false],"guten_post_layout_portrait":["https:\/\/cursoswp.educacion.navarra.es\/cursowp2019\/wp-content\/uploads\/2019\/02\/contacto.jpg",600,374,false],"guten_post_layout_square":["https:\/\/cursoswp.educacion.navarra.es\/cursowp2019\/wp-content\/uploads\/2019\/02\/contacto.jpg",600,374,false]},"post_excerpt_stackable":"<p>Con este formulario de contacto pretendemos lograr dos prop\u00f3sitos diferentes y complementarios. En primer lugar, ha sido dise\u00f1ado para que los alumnos y alumnas del curso puedan enviar al profesor la respuesta a las actividades propuestas tras cada una de sus sesiones. En segundo lugar, el formulario se puede utilizar para ponerse en contacto con el autor del sitio web y plantear problemas, dudas, sugerencias, etc. Antes de enviar el formulario, hay que cerciorarse de que todos los campos han sido cumplimentados correctamente. Nombre y apellidos Email Asunto Mensaje Mensaje \u00bfCu\u00e1nto suman 46+14? &#916; ********************** Los interesados en contactar con&hellip;<\/p>\n","category_list":"","author_info":{"name":"Administrador","url":"https:\/\/cursoswp.educacion.navarra.es\/cursowp2019\/author\/superadminpnte\/"},"comments_num":"0 comentarios","featured_image_urls_v2":{"full":["https:\/\/cursoswp.educacion.navarra.es\/cursowp2019\/wp-content\/uploads\/2019\/02\/contacto.jpg",1600,998,false],"thumbnail":["https:\/\/cursoswp.educacion.navarra.es\/cursowp2019\/wp-content\/uploads\/2019\/02\/contacto-150x150.jpg",150,150,true],"medium":["https:\/\/cursoswp.educacion.navarra.es\/cursowp2019\/wp-content\/uploads\/2019\/02\/contacto-300x187.jpg",300,187,true],"medium_large":["https:\/\/cursoswp.educacion.navarra.es\/cursowp2019\/wp-content\/uploads\/2019\/02\/contacto-768x479.jpg",768,479,true],"large":["https:\/\/cursoswp.educacion.navarra.es\/cursowp2019\/wp-content\/uploads\/2019\/02\/contacto-1024x639.jpg",1024,639,true],"1536x1536":["https:\/\/cursoswp.educacion.navarra.es\/cursowp2019\/wp-content\/uploads\/2019\/02\/contacto.jpg",1536,958,false],"2048x2048":["https:\/\/cursoswp.educacion.navarra.es\/cursowp2019\/wp-content\/uploads\/2019\/02\/contacto.jpg",1600,998,false],"sidebar-featured-thumb":["https:\/\/cursoswp.educacion.navarra.es\/cursowp2019\/wp-content\/uploads\/2019\/02\/contacto-70x60.jpg",70,60,true],"featured-image":["https:\/\/cursoswp.educacion.navarra.es\/cursowp2019\/wp-content\/uploads\/2019\/02\/contacto-800x400.jpg",800,400,true],"header-hero":["https:\/\/cursoswp.educacion.navarra.es\/cursowp2019\/wp-content\/uploads\/2019\/02\/contacto-1600x800.jpg",1600,800,true],"gb-block-post-grid-landscape":["https:\/\/cursoswp.educacion.navarra.es\/cursowp2019\/wp-content\/uploads\/2019\/02\/contacto.jpg",600,374,false],"gb-block-post-grid-square":["https:\/\/cursoswp.educacion.navarra.es\/cursowp2019\/wp-content\/uploads\/2019\/02\/contacto.jpg",600,374,false],"guten_post_layout_landscape_large":["https:\/\/cursoswp.educacion.navarra.es\/cursowp2019\/wp-content\/uploads\/2019\/02\/contacto.jpg",1200,749,false],"guten_post_layout_portrait_large":["https:\/\/cursoswp.educacion.navarra.es\/cursowp2019\/wp-content\/uploads\/2019\/02\/contacto.jpg",1200,749,false],"guten_post_layout_square_large":["https:\/\/cursoswp.educacion.navarra.es\/cursowp2019\/wp-content\/uploads\/2019\/02\/contacto.jpg",1200,749,false],"guten_post_layout_landscape":["https:\/\/cursoswp.educacion.navarra.es\/cursowp2019\/wp-content\/uploads\/2019\/02\/contacto.jpg",600,374,false],"guten_post_layout_portrait":["https:\/\/cursoswp.educacion.navarra.es\/cursowp2019\/wp-content\/uploads\/2019\/02\/contacto.jpg",600,374,false],"guten_post_layout_square":["https:\/\/cursoswp.educacion.navarra.es\/cursowp2019\/wp-content\/uploads\/2019\/02\/contacto.jpg",600,374,false]},"post_excerpt_stackable_v2":"<p>Con este formulario de contacto pretendemos lograr dos prop\u00f3sitos diferentes y complementarios. En primer lugar, ha sido dise\u00f1ado para que los alumnos y alumnas del curso puedan enviar al profesor la respuesta a las actividades propuestas tras cada una de sus sesiones. En segundo lugar, el formulario se puede utilizar para ponerse en contacto con el autor del sitio web y plantear problemas, dudas, sugerencias, etc. Antes de enviar el formulario, hay que cerciorarse de que todos los campos han sido cumplimentados correctamente. Nombre y apellidos Email Asunto Mensaje Mensaje \u00bfCu\u00e1nto suman 46+14? &#916; ********************** Los interesados en contactar con&hellip;<\/p>\n","category_list_v2":"","author_info_v2":{"name":"Administrador","url":"https:\/\/cursoswp.educacion.navarra.es\/cursowp2019\/author\/superadminpnte\/"},"comments_num_v2":"0 comentarios","yoast_head":"<!-- This site is optimized with the Yoast SEO plugin v19.13 - https:\/\/yoast.com\/wordpress\/plugins\/seo\/ -->\n<title>P\u00e1gina de contacto - Curso de WordPress 2019<\/title>\n<meta name=\"description\" content=\"P\u00e1gina de contacto del Curso de WordPress 2019, para que los asistentes al curso puedan plantear dudas y responder a las actividades planteadas.\" \/>\n<meta name=\"robots\" content=\"index, follow, max-snippet:-1, max-image-preview:large, max-video-preview:-1\" \/>\n<link rel=\"canonical\" href=\"https:\/\/cursoswp.educacion.navarra.es\/cursowp2019\/contacto\/\" \/>\n<meta property=\"og:locale\" content=\"es_ES\" \/>\n<meta property=\"og:type\" content=\"article\" \/>\n<meta property=\"og:title\" content=\"P\u00e1gina de contacto - Curso de WordPress 2019\" \/>\n<meta property=\"og:description\" content=\"P\u00e1gina de contacto del Curso de WordPress 2019, para que los asistentes al curso puedan plantear dudas y responder a las actividades planteadas.\" \/>\n<meta property=\"og:url\" content=\"https:\/\/cursoswp.educacion.navarra.es\/cursowp2019\/contacto\/\" \/>\n<meta property=\"og:site_name\" content=\"Curso de WordPress 2019\" \/>\n<meta property=\"article:modified_time\" content=\"2019-08-22T06:54:15+00:00\" \/>\n<meta property=\"og:image\" content=\"https:\/\/cursoswp.educacion.navarra.es\/cursowp2019\/wp-content\/uploads\/2019\/02\/contacto.jpg\" \/>\n\t<meta property=\"og:image:width\" content=\"1600\" \/>\n\t<meta property=\"og:image:height\" content=\"998\" \/>\n\t<meta property=\"og:image:type\" content=\"image\/jpeg\" \/>\n<meta name=\"twitter:card\" content=\"summary_large_image\" \/>\n<meta name=\"twitter:label1\" content=\"Tiempo de lectura\" \/>\n\t<meta name=\"twitter:data1\" content=\"1 minuto\" \/>\n<script type=\"application\/ld+json\" class=\"yoast-schema-graph\">{\"@context\":\"https:\/\/schema.org\",\"@graph\":[{\"@type\":\"WebPage\",\"@id\":\"https:\/\/cursoswp.educacion.navarra.es\/cursowp2019\/contacto\/\",\"url\":\"https:\/\/cursoswp.educacion.navarra.es\/cursowp2019\/contacto\/\",\"name\":\"P\u00e1gina de contacto - Curso de WordPress 2019\",\"isPartOf\":{\"@id\":\"https:\/\/cursoswp.educacion.navarra.es\/cursowp2019\/#website\"},\"datePublished\":\"2019-02-15T10:02:27+00:00\",\"dateModified\":\"2019-08-22T06:54:15+00:00\",\"description\":\"P\u00e1gina de contacto del Curso de WordPress 2019, para que los asistentes al curso puedan plantear dudas y responder a las actividades planteadas.\",\"breadcrumb\":{\"@id\":\"https:\/\/cursoswp.educacion.navarra.es\/cursowp2019\/contacto\/#breadcrumb\"},\"inLanguage\":\"es\",\"potentialAction\":[{\"@type\":\"ReadAction\",\"target\":[\"https:\/\/cursoswp.educacion.navarra.es\/cursowp2019\/contacto\/\"]}]},{\"@type\":\"BreadcrumbList\",\"@id\":\"https:\/\/cursoswp.educacion.navarra.es\/cursowp2019\/contacto\/#breadcrumb\",\"itemListElement\":[{\"@type\":\"ListItem\",\"position\":1,\"name\":\"Portada\",\"item\":\"https:\/\/cursoswp.educacion.navarra.es\/cursowp2019\/\"},{\"@type\":\"ListItem\",\"position\":2,\"name\":\"Contacto\"}]},{\"@type\":\"WebSite\",\"@id\":\"https:\/\/cursoswp.educacion.navarra.es\/cursowp2019\/#website\",\"url\":\"https:\/\/cursoswp.educacion.navarra.es\/cursowp2019\/\",\"name\":\"Curso de WordPress 2019\",\"description\":\"Curso sobre WordPress en el CAP de Pamplona\",\"publisher\":{\"@id\":\"https:\/\/cursoswp.educacion.navarra.es\/cursowp2019\/#organization\"},\"potentialAction\":[{\"@type\":\"SearchAction\",\"target\":{\"@type\":\"EntryPoint\",\"urlTemplate\":\"https:\/\/cursoswp.educacion.navarra.es\/cursowp2019\/?s={search_term_string}\"},\"query-input\":\"required name=search_term_string\"}],\"inLanguage\":\"es\"},{\"@type\":\"Organization\",\"@id\":\"https:\/\/cursoswp.educacion.navarra.es\/cursowp2019\/#organization\",\"name\":\"Departamento de Educaci\u00f3n, Gobierno de Navarra\",\"url\":\"https:\/\/cursoswp.educacion.navarra.es\/cursowp2019\/\",\"logo\":{\"@type\":\"ImageObject\",\"inLanguage\":\"es\",\"@id\":\"https:\/\/cursoswp.educacion.navarra.es\/cursowp2019\/#\/schema\/logo\/image\/\",\"url\":\"https:\/\/cursoswp.educacion.navarra.es\/cursowp2019\/wp-content\/uploads\/2019\/02\/logotipo_educacion_bilingue_rojo_800px.png\",\"contentUrl\":\"https:\/\/cursoswp.educacion.navarra.es\/cursowp2019\/wp-content\/uploads\/2019\/02\/logotipo_educacion_bilingue_rojo_800px.png\",\"width\":800,\"height\":92,\"caption\":\"Departamento de Educaci\u00f3n, Gobierno de Navarra\"},\"image\":{\"@id\":\"https:\/\/cursoswp.educacion.navarra.es\/cursowp2019\/#\/schema\/logo\/image\/\"}}]}<\/script>\n<!-- \/ Yoast SEO plugin. -->","yoast_head_json":{"title":"P\u00e1gina de contacto - Curso de WordPress 2019","description":"P\u00e1gina de contacto del Curso de WordPress 2019, para que los asistentes al curso puedan plantear dudas y responder a las actividades planteadas.","robots":{"index":"index","follow":"follow","max-snippet":"max-snippet:-1","max-image-preview":"max-image-preview:large","max-video-preview":"max-video-preview:-1"},"canonical":"https:\/\/cursoswp.educacion.navarra.es\/cursowp2019\/contacto\/","og_locale":"es_ES","og_type":"article","og_title":"P\u00e1gina de contacto - Curso de WordPress 2019","og_description":"P\u00e1gina de contacto del Curso de WordPress 2019, para que los asistentes al curso puedan plantear dudas y responder a las actividades planteadas.","og_url":"https:\/\/cursoswp.educacion.navarra.es\/cursowp2019\/contacto\/","og_site_name":"Curso de WordPress 2019","article_modified_time":"2019-08-22T06:54:15+00:00","og_image":[{"width":1600,"height":998,"url":"https:\/\/cursoswp.educacion.navarra.es\/cursowp2019\/wp-content\/uploads\/2019\/02\/contacto.jpg","type":"image\/jpeg"}],"twitter_card":"summary_large_image","twitter_misc":{"Tiempo de lectura":"1 minuto"},"schema":{"@context":"https:\/\/schema.org","@graph":[{"@type":"WebPage","@id":"https:\/\/cursoswp.educacion.navarra.es\/cursowp2019\/contacto\/","url":"https:\/\/cursoswp.educacion.navarra.es\/cursowp2019\/contacto\/","name":"P\u00e1gina de contacto - Curso de WordPress 2019","isPartOf":{"@id":"https:\/\/cursoswp.educacion.navarra.es\/cursowp2019\/#website"},"datePublished":"2019-02-15T10:02:27+00:00","dateModified":"2019-08-22T06:54:15+00:00","description":"P\u00e1gina de contacto del Curso de WordPress 2019, para que los asistentes al curso puedan plantear dudas y responder a las actividades planteadas.","breadcrumb":{"@id":"https:\/\/cursoswp.educacion.navarra.es\/cursowp2019\/contacto\/#breadcrumb"},"inLanguage":"es","potentialAction":[{"@type":"ReadAction","target":["https:\/\/cursoswp.educacion.navarra.es\/cursowp2019\/contacto\/"]}]},{"@type":"BreadcrumbList","@id":"https:\/\/cursoswp.educacion.navarra.es\/cursowp2019\/contacto\/#breadcrumb","itemListElement":[{"@type":"ListItem","position":1,"name":"Portada","item":"https:\/\/cursoswp.educacion.navarra.es\/cursowp2019\/"},{"@type":"ListItem","position":2,"name":"Contacto"}]},{"@type":"WebSite","@id":"https:\/\/cursoswp.educacion.navarra.es\/cursowp2019\/#website","url":"https:\/\/cursoswp.educacion.navarra.es\/cursowp2019\/","name":"Curso de WordPress 2019","description":"Curso sobre WordPress en el CAP de Pamplona","publisher":{"@id":"https:\/\/cursoswp.educacion.navarra.es\/cursowp2019\/#organization"},"potentialAction":[{"@type":"SearchAction","target":{"@type":"EntryPoint","urlTemplate":"https:\/\/cursoswp.educacion.navarra.es\/cursowp2019\/?s={search_term_string}"},"query-input":"required name=search_term_string"}],"inLanguage":"es"},{"@type":"Organization","@id":"https:\/\/cursoswp.educacion.navarra.es\/cursowp2019\/#organization","name":"Departamento de Educaci\u00f3n, Gobierno de Navarra","url":"https:\/\/cursoswp.educacion.navarra.es\/cursowp2019\/","logo":{"@type":"ImageObject","inLanguage":"es","@id":"https:\/\/cursoswp.educacion.navarra.es\/cursowp2019\/#\/schema\/logo\/image\/","url":"https:\/\/cursoswp.educacion.navarra.es\/cursowp2019\/wp-content\/uploads\/2019\/02\/logotipo_educacion_bilingue_rojo_800px.png","contentUrl":"https:\/\/cursoswp.educacion.navarra.es\/cursowp2019\/wp-content\/uploads\/2019\/02\/logotipo_educacion_bilingue_rojo_800px.png","width":800,"height":92,"caption":"Departamento de Educaci\u00f3n, Gobierno de Navarra"},"image":{"@id":"https:\/\/cursoswp.educacion.navarra.es\/cursowp2019\/#\/schema\/logo\/image\/"}}]}},"featured_image_src":"https:\/\/cursoswp.educacion.navarra.es\/cursowp2019\/wp-content\/uploads\/2019\/02\/contacto.jpg","featured_image_src_square":"https:\/\/cursoswp.educacion.navarra.es\/cursowp2019\/wp-content\/uploads\/2019\/02\/contacto.jpg","guten_post_layout_featured_media_urls":{"full":["https:\/\/cursoswp.educacion.navarra.es\/cursowp2019\/wp-content\/uploads\/2019\/02\/contacto.jpg",1600,998,false],"thumbnail":["https:\/\/cursoswp.educacion.navarra.es\/cursowp2019\/wp-content\/uploads\/2019\/02\/contacto-150x150.jpg",150,150,true],"medium":["https:\/\/cursoswp.educacion.navarra.es\/cursowp2019\/wp-content\/uploads\/2019\/02\/contacto-300x187.jpg",300,187,true],"medium_large":["https:\/\/cursoswp.educacion.navarra.es\/cursowp2019\/wp-content\/uploads\/2019\/02\/contacto-768x479.jpg",768,479,true],"large":["https:\/\/cursoswp.educacion.navarra.es\/cursowp2019\/wp-content\/uploads\/2019\/02\/contacto-1024x639.jpg",1024,639,true],"1536x1536":["https:\/\/cursoswp.educacion.navarra.es\/cursowp2019\/wp-content\/uploads\/2019\/02\/contacto.jpg",1536,958,false],"2048x2048":["https:\/\/cursoswp.educacion.navarra.es\/cursowp2019\/wp-content\/uploads\/2019\/02\/contacto.jpg",1600,998,false],"sidebar-featured-thumb":["https:\/\/cursoswp.educacion.navarra.es\/cursowp2019\/wp-content\/uploads\/2019\/02\/contacto-70x60.jpg",70,60,true],"featured-image":["https:\/\/cursoswp.educacion.navarra.es\/cursowp2019\/wp-content\/uploads\/2019\/02\/contacto-800x400.jpg",800,400,true],"header-hero":["https:\/\/cursoswp.educacion.navarra.es\/cursowp2019\/wp-content\/uploads\/2019\/02\/contacto-1600x800.jpg",1600,800,true],"gb-block-post-grid-landscape":["https:\/\/cursoswp.educacion.navarra.es\/cursowp2019\/wp-content\/uploads\/2019\/02\/contacto.jpg",600,374,false],"gb-block-post-grid-square":["https:\/\/cursoswp.educacion.navarra.es\/cursowp2019\/wp-content\/uploads\/2019\/02\/contacto.jpg",600,374,false],"guten_post_layout_landscape_large":["https:\/\/cursoswp.educacion.navarra.es\/cursowp2019\/wp-content\/uploads\/2019\/02\/contacto.jpg",1200,749,false],"guten_post_layout_portrait_large":["https:\/\/cursoswp.educacion.navarra.es\/cursowp2019\/wp-content\/uploads\/2019\/02\/contacto.jpg",1200,749,false],"guten_post_layout_square_large":["https:\/\/cursoswp.educacion.navarra.es\/cursowp2019\/wp-content\/uploads\/2019\/02\/contacto.jpg",1200,749,false],"guten_post_layout_landscape":["https:\/\/cursoswp.educacion.navarra.es\/cursowp2019\/wp-content\/uploads\/2019\/02\/contacto.jpg",600,374,false],"guten_post_layout_portrait":["https:\/\/cursoswp.educacion.navarra.es\/cursowp2019\/wp-content\/uploads\/2019\/02\/contacto.jpg",600,374,false],"guten_post_layout_square":["https:\/\/cursoswp.educacion.navarra.es\/cursowp2019\/wp-content\/uploads\/2019\/02\/contacto.jpg",600,374,false]},"_links":{"self":[{"href":"https:\/\/cursoswp.educacion.navarra.es\/cursowp2019\/wp-json\/wp\/v2\/pages\/2"}],"collection":[{"href":"https:\/\/cursoswp.educacion.navarra.es\/cursowp2019\/wp-json\/wp\/v2\/pages"}],"about":[{"href":"https:\/\/cursoswp.educacion.navarra.es\/cursowp2019\/wp-json\/wp\/v2\/types\/page"}],"author":[{"embeddable":true,"href":"https:\/\/cursoswp.educacion.navarra.es\/cursowp2019\/wp-json\/wp\/v2\/users\/1"}],"replies":[{"embeddable":true,"href":"https:\/\/cursoswp.educacion.navarra.es\/cursowp2019\/wp-json\/wp\/v2\/comments?post=2"}],"version-history":[{"count":12,"href":"https:\/\/cursoswp.educacion.navarra.es\/cursowp2019\/wp-json\/wp\/v2\/pages\/2\/revisions"}],"predecessor-version":[{"id":1790,"href":"https:\/\/cursoswp.educacion.navarra.es\/cursowp2019\/wp-json\/wp\/v2\/pages\/2\/revisions\/1790"}],"wp:featuredmedia":[{"embeddable":true,"href":"https:\/\/cursoswp.educacion.navarra.es\/cursowp2019\/wp-json\/wp\/v2\/media\/30"}],"wp:attachment":[{"href":"https:\/\/cursoswp.educacion.navarra.es\/cursowp2019\/wp-json\/wp\/v2\/media?parent=2"}],"curies":[{"name":"wp","href":"https:\/\/api.w.org\/{rel}","templated":true}]}}