{"id":2,"date":"2012-01-10T07:00:00","date_gmt":"2012-01-10T06:00:00","guid":{"rendered":"http:\/\/centros.educacion.navarra.es\/probatina\/cursowp2012\/?page_id=2"},"modified":"2015-04-05T12:14:58","modified_gmt":"2015-04-05T10:14:58","slug":"descripcion-y-contenido-del-curso","status":"publish","type":"page","link":"https:\/\/cursoswp.educacion.navarra.es\/cursowp2012\/descripcion-y-contenido-del-curso\/","title":{"rendered":"Presentaci\u00f3n"},"content":{"rendered":"<p>Este curso tiene como objetivo adiestrar a los asistentes en el manejo de <a title=\"WordPress\" href=\"http:\/\/wordpress.org\" target=\"_blank\">WordPress<\/a> como herramienta para elaborar y publicar sitios web educativos. Debe entenderse que no es un curso para cualquier persona interesada en dicha aplicaci\u00f3n, sino para aquellos profesores y profesoras en los que se dan cita la mayor parte de siguientes circunstancias:<\/p>\n<ul>\n<li>Son docentes en activo que prestan servicio en alg\u00fan centro educativo p\u00fablico dependiente del <a title=\"Departamento de Educaci\u00f3n, Gobierno de Navarra\" href=\"http:\/\/www.navarra.es\/home_es\/Gobierno+de+Navarra\/Organigrama\/Los+departamentos\/Educacion\/\" target=\"_blank\">Departamento de Educaci\u00f3n del Gobierno Foral de Navarra<\/a>.<\/li>\n<li>Son usuarios de\u00a0sitios web personales o de centro en los servidores del <a title=\"Programa de Nuevas Tecnolog\u00edas y Educaci\u00f3n (PNTE)\" href=\"http:\/\/pnte.educacion.navarra.es\/portal\/\" target=\"_blank\">Programa de Nuevas Tecnolog\u00edas y Educaci\u00f3n<\/a> (en adelante, PNTE).<\/li>\n<li>Tienen experiencia previa con blogs elaborados con WordPress o\/y <a title=\"WordPress.com\" href=\"http:\/\/wordpress.com\" target=\"_blank\">WordPress.com<\/a>.<\/li>\n<li>Son administradores de instalaciones de WordPress en configuraci\u00f3n multisitio.<\/li>\n<li>Disponen de <a title=\"PNTE - Servicios a usuarios - Correo electr\u00f3nico\" href=\"http:\/\/pnte.educacion.navarra.es\/portal\/Servicios+a+usuarios\/Correo+electronico\" target=\"_blank\">una cuenta de correo activa en los servidores del PNTE<\/a>. Esta circunstancia es esencial para configurar correctamente el sitio web y sacar partido de todas sus funcionalidades y caracter\u00edsticas.<\/li>\n<\/ul>\n<h2>Contenido y programa<\/h2>\n<p>El curso se llevar\u00e1 a cabo en seis sesiones vespertinas, que tendr\u00e1n lugar en el <a title=\"CAP de Pamplona\" href=\"http:\/\/dpto.educacion.navarra.es\/formacionprofesorado\/index.php?option=com_content&amp;view=article&amp;id=46&amp;Itemid=54&amp;lang=es\" target=\"_blank\">CAP de Pamplona<\/a>, todos los martes a partir del d\u00eda 17 de enero de 2012, de 18,00 a 20,30 horas, con la siguiente distribuci\u00f3n de contenidos:<\/p>\n<ul>\n<li><a title=\"Sesi\u00f3n 1\" href=\"http:\/\/cursoswp.educacion.navarra.es\/cursowp2012\/categoria\/apoyo-para-las-sesiones\/sesion-1\/\">17 de enero<\/a>: conceptos fundamentales de WordPress, 1: entrada y salida de la aplicaci\u00f3n, manejo del interfaz, configuraci\u00f3n general, entradas, p\u00e1ginas, categor\u00edas, etiquetas, enlaces, uso del editor, gesti\u00f3n de usuarios.<\/li>\n<li><a title=\"Sesi\u00f3n 2\" href=\"http:\/\/cursoswp.educacion.navarra.es\/cursowp2012\/categoria\/apoyo-para-las-sesiones\/sesion-2\/\" target=\"_blank\">24 de enero<\/a>:\u00a0conceptos fundamentales de WordPress, 2: temas, plugins. widgets, men\u00fas, configuraciones espec\u00edficas para los sitios instalados en los servidores del PNTE.<\/li>\n<li><a title=\"Sesi\u00f3n 3\" href=\"http:\/\/cursoswp.educacion.navarra.es\/cursowp2012\/categoria\/apoyo-para-las-sesiones\/sesion-3\/\" target=\"_blank\">31 de enero<\/a>:\u00a0configuraci\u00f3n de la estructura de sitios web educativos: sitio personal, sitio de centro, revista escolar.<\/li>\n<li><a title=\"Sesi\u00f3n 4\" href=\"http:\/\/cursoswp.educacion.navarra.es\/cursowp2012\/categoria\/apoyo-para-las-sesiones\/sesion-4\/\" target=\"_blank\">7 de febrero<\/a>: traducci\u00f3n de WordPress, temas y plugins; instalaciones biling\u00fces y multiling\u00fces; publicaci\u00f3n remota con clientes XMLRPC.<\/li>\n<li><a title=\"Sesi\u00f3n 5\" href=\"http:\/\/cursoswp.educacion.navarra.es\/cursowp2012\/categoria\/apoyo-para-las-sesiones\/sesion-5\/\" target=\"_blank\">14 de febrero<\/a>: instalaci\u00f3n y configuraci\u00f3n de WordPress en modo multisitio y multiusuario.<\/li>\n<li><a title=\"Sesi\u00f3n 6\" href=\"http:\/\/cursoswp.educacion.navarra.es\/cursowp2012\/categoria\/apoyo-para-las-sesiones\/sesion-6\/\" target=\"_blank\">28 de febrero<\/a>: administraci\u00f3n de entornos multisitio para uso educativo.<\/li>\n<\/ul>\n<p>Las dos primeras sesiones est\u00e1n concebidas como repaso general de conceptos y t\u00e9cnicas fundamentales. Las sesiones tres y cuatro profundizan en el uso educativo de la aplicaci\u00f3n. Por \u00faltimo, las dos sesiones finales est\u00e1n orientadas a la administraci\u00f3n de las instalaciones multisitio de las que disponen algunos centros educativos.<\/p>\n<h2>Este sitio web<\/h2>\n<p>Este sitio web es el escenario exclusivo del curso de WordPress celebrado en el CAP de Pamplona a partir del 17 de enero de 2012. El sitio ha sido elaborado por <a title=\"La Bit\u00e1cora del Tigre\" href=\"http:\/\/www.labitacoradeltigre.com\" target=\"_blank\">Eduardo Larequi Garc\u00eda<\/a>, con WordPress en configuraci\u00f3n multisitio y el tema <a title=\"Daily Dish Pro Theme by Studio Press\" href=\"http:\/\/my.studiopress.com\/themes\/daily-dish\/\" target=\"_blank\">Daily Dish Pro<\/a>, tema hijo del <a title=\"StudioPress\" href=\"http:\/\/www.studiopress.com\/\" target=\"_blank\">framework Genesis<\/a>.<\/p>\n","protected":false},"excerpt":{"rendered":"<p>Este curso tiene como objetivo adiestrar a los asistentes en el manejo de WordPress como herramienta para elaborar y publicar sitios web educativos. Debe entenderse que no es un curso para cualquier persona interesada en dicha aplicaci\u00f3n, sino para aquellos profesores y profesoras en los que se dan cita la mayor parte de siguientes circunstancias: [&hellip;]<\/p>\n","protected":false},"author":1,"featured_media":0,"parent":0,"menu_order":0,"comment_status":"closed","ping_status":"closed","template":"","meta":{"_genesis_hide_title":false,"_genesis_hide_breadcrumbs":false,"_genesis_hide_singular_image":false,"_genesis_hide_footer_widgets":false,"_genesis_custom_body_class":"","_genesis_custom_post_class":"","_genesis_layout":""},"yoast_head":"<!-- This site is optimized with the Yoast SEO plugin v19.13 - https:\/\/yoast.com\/wordpress\/plugins\/seo\/ -->\n<title>Presentaci\u00f3n - Curso de WordPress 2012<\/title>\n<meta name=\"description\" content=\"Contenido y programa del Curso de WordPress 2012\" \/>\n<meta name=\"robots\" content=\"index, follow, max-snippet:-1, max-image-preview:large, max-video-preview:-1\" \/>\n<link rel=\"canonical\" href=\"https:\/\/cursoswp.educacion.navarra.es\/cursowp2012\/descripcion-y-contenido-del-curso\/\" \/>\n<meta property=\"og:locale\" content=\"es_ES\" \/>\n<meta property=\"og:type\" content=\"article\" \/>\n<meta property=\"og:title\" content=\"Presentaci\u00f3n - Curso de WordPress 2012\" \/>\n<meta property=\"og:description\" content=\"Contenido y programa del Curso de WordPress 2012\" \/>\n<meta property=\"og:url\" content=\"https:\/\/cursoswp.educacion.navarra.es\/cursowp2012\/descripcion-y-contenido-del-curso\/\" \/>\n<meta property=\"og:site_name\" content=\"Curso de WordPress 2012\" \/>\n<meta property=\"article:modified_time\" content=\"2015-04-05T10:14:58+00:00\" \/>\n<meta name=\"twitter:label1\" content=\"Tiempo de lectura\" \/>\n\t<meta name=\"twitter:data1\" content=\"2 minutos\" \/>\n<script type=\"application\/ld+json\" class=\"yoast-schema-graph\">{\"@context\":\"https:\/\/schema.org\",\"@graph\":[{\"@type\":\"WebPage\",\"@id\":\"https:\/\/cursoswp.educacion.navarra.es\/cursowp2012\/descripcion-y-contenido-del-curso\/\",\"url\":\"https:\/\/cursoswp.educacion.navarra.es\/cursowp2012\/descripcion-y-contenido-del-curso\/\",\"name\":\"Presentaci\u00f3n - Curso de WordPress 2012\",\"isPartOf\":{\"@id\":\"https:\/\/cursoswp.educacion.navarra.es\/cursowp2012\/#website\"},\"datePublished\":\"2012-01-10T06:00:00+00:00\",\"dateModified\":\"2015-04-05T10:14:58+00:00\",\"description\":\"Contenido y programa del Curso de WordPress 2012\",\"breadcrumb\":{\"@id\":\"https:\/\/cursoswp.educacion.navarra.es\/cursowp2012\/descripcion-y-contenido-del-curso\/#breadcrumb\"},\"inLanguage\":\"es\",\"potentialAction\":[{\"@type\":\"ReadAction\",\"target\":[\"https:\/\/cursoswp.educacion.navarra.es\/cursowp2012\/descripcion-y-contenido-del-curso\/\"]}]},{\"@type\":\"BreadcrumbList\",\"@id\":\"https:\/\/cursoswp.educacion.navarra.es\/cursowp2012\/descripcion-y-contenido-del-curso\/#breadcrumb\",\"itemListElement\":[{\"@type\":\"ListItem\",\"position\":1,\"name\":\"Portada\",\"item\":\"https:\/\/cursoswp.educacion.navarra.es\/cursowp2012\/\"},{\"@type\":\"ListItem\",\"position\":2,\"name\":\"Presentaci\u00f3n\"}]},{\"@type\":\"WebSite\",\"@id\":\"https:\/\/cursoswp.educacion.navarra.es\/cursowp2012\/#website\",\"url\":\"https:\/\/cursoswp.educacion.navarra.es\/cursowp2012\/\",\"name\":\"Curso de WordPress 2012\",\"description\":\"Curso sobre WordPress multisitio en el CAP de Pamplona\",\"potentialAction\":[{\"@type\":\"SearchAction\",\"target\":{\"@type\":\"EntryPoint\",\"urlTemplate\":\"https:\/\/cursoswp.educacion.navarra.es\/cursowp2012\/?s={search_term_string}\"},\"query-input\":\"required name=search_term_string\"}],\"inLanguage\":\"es\"}]}<\/script>\n<!-- \/ Yoast SEO plugin. -->","yoast_head_json":{"title":"Presentaci\u00f3n - Curso de WordPress 2012","description":"Contenido y programa del Curso de WordPress 2012","robots":{"index":"index","follow":"follow","max-snippet":"max-snippet:-1","max-image-preview":"max-image-preview:large","max-video-preview":"max-video-preview:-1"},"canonical":"https:\/\/cursoswp.educacion.navarra.es\/cursowp2012\/descripcion-y-contenido-del-curso\/","og_locale":"es_ES","og_type":"article","og_title":"Presentaci\u00f3n - Curso de WordPress 2012","og_description":"Contenido y programa del Curso de WordPress 2012","og_url":"https:\/\/cursoswp.educacion.navarra.es\/cursowp2012\/descripcion-y-contenido-del-curso\/","og_site_name":"Curso de WordPress 2012","article_modified_time":"2015-04-05T10:14:58+00:00","twitter_misc":{"Tiempo de lectura":"2 minutos"},"schema":{"@context":"https:\/\/schema.org","@graph":[{"@type":"WebPage","@id":"https:\/\/cursoswp.educacion.navarra.es\/cursowp2012\/descripcion-y-contenido-del-curso\/","url":"https:\/\/cursoswp.educacion.navarra.es\/cursowp2012\/descripcion-y-contenido-del-curso\/","name":"Presentaci\u00f3n - Curso de WordPress 2012","isPartOf":{"@id":"https:\/\/cursoswp.educacion.navarra.es\/cursowp2012\/#website"},"datePublished":"2012-01-10T06:00:00+00:00","dateModified":"2015-04-05T10:14:58+00:00","description":"Contenido y programa del Curso de WordPress 2012","breadcrumb":{"@id":"https:\/\/cursoswp.educacion.navarra.es\/cursowp2012\/descripcion-y-contenido-del-curso\/#breadcrumb"},"inLanguage":"es","potentialAction":[{"@type":"ReadAction","target":["https:\/\/cursoswp.educacion.navarra.es\/cursowp2012\/descripcion-y-contenido-del-curso\/"]}]},{"@type":"BreadcrumbList","@id":"https:\/\/cursoswp.educacion.navarra.es\/cursowp2012\/descripcion-y-contenido-del-curso\/#breadcrumb","itemListElement":[{"@type":"ListItem","position":1,"name":"Portada","item":"https:\/\/cursoswp.educacion.navarra.es\/cursowp2012\/"},{"@type":"ListItem","position":2,"name":"Presentaci\u00f3n"}]},{"@type":"WebSite","@id":"https:\/\/cursoswp.educacion.navarra.es\/cursowp2012\/#website","url":"https:\/\/cursoswp.educacion.navarra.es\/cursowp2012\/","name":"Curso de WordPress 2012","description":"Curso sobre WordPress multisitio en el CAP de Pamplona","potentialAction":[{"@type":"SearchAction","target":{"@type":"EntryPoint","urlTemplate":"https:\/\/cursoswp.educacion.navarra.es\/cursowp2012\/?s={search_term_string}"},"query-input":"required name=search_term_string"}],"inLanguage":"es"}]}},"_links":{"self":[{"href":"https:\/\/cursoswp.educacion.navarra.es\/cursowp2012\/wp-json\/wp\/v2\/pages\/2"}],"collection":[{"href":"https:\/\/cursoswp.educacion.navarra.es\/cursowp2012\/wp-json\/wp\/v2\/pages"}],"about":[{"href":"https:\/\/cursoswp.educacion.navarra.es\/cursowp2012\/wp-json\/wp\/v2\/types\/page"}],"author":[{"embeddable":true,"href":"https:\/\/cursoswp.educacion.navarra.es\/cursowp2012\/wp-json\/wp\/v2\/users\/1"}],"replies":[{"embeddable":true,"href":"https:\/\/cursoswp.educacion.navarra.es\/cursowp2012\/wp-json\/wp\/v2\/comments?post=2"}],"version-history":[{"count":0,"href":"https:\/\/cursoswp.educacion.navarra.es\/cursowp2012\/wp-json\/wp\/v2\/pages\/2\/revisions"}],"wp:attachment":[{"href":"https:\/\/cursoswp.educacion.navarra.es\/cursowp2012\/wp-json\/wp\/v2\/media?parent=2"}],"curies":[{"name":"wp","href":"https:\/\/api.w.org\/{rel}","templated":true}]}}